(2/c) prime?
False
Suppose 41384 = 6*w + 13658. Is w a composite number?
False
Is 2/1 - -1157 - -4 a prime number?
True
Suppose 5*b + 5*j = -136 - 139, 5*b = 2*j - 254. Is 0 + (-3 - 0) - b composite?
True
Suppose -n - 10 = -6*n. Let d(r) = r**2 + 0 + 1 + 2*r - n. Is d(2) a composite number?
False
Suppose -2*t + 76 = 2*i, i - 2*t - 47 - 6 = 0. Suppose 0*k + k = -28. Let u = k + i. Is u a composite number?
True
Let p(n) = 44*n - n - 8 - 21 + 7. Let v(t) = 14*t - 7. Let i(c) = 2*p(c) - 7*v(c). Is i(-4) a composite number?
False
Let b(y) = -3*y**3 + 9*y**2 + 5*y - 5. Let k(w) = 7*w**3 - 19*w**2 - 9*w + 10. Let m(a) = -5*b(a) - 2*k(a). Is m(8) a prime number?
True
Let m be 1/2*(-2 + 2). Suppose -2*f - 2*f = m. Suppose 3*a + a - 212 = f. Is a composite?
False
Is -3*(2 + (-2974)/6) composite?
False
Let x be (-399)/27 - 4/18. Is -46*3/(18/x) prime?
False
Let p(z) = 242*z**2 + 1. Let s be p(1). Suppose 0 = -2*d + s - 49. Is d composite?
False
Suppose -3*h = -3*w - 27, 4*h = 2*h - 3*w + 8. Let k(x) = 4*x - 3*x + 2*x + x - 6. Is k(h) composite?
True
Let t(i) be the second derivative of i**5/20 - 5*i**4/12 - 11*i**3/6 - i**2/2 + 9*i. Is t(8) composite?
False
Let r be 2/5 + (-2)/5. Let l(h) = -h + 14. Let m be l(7). Suppose n - 19 + 60 = 2*i, r = i - 5*n - m. Is i prime?
False
Let x = 2049 + -863. Is x a prime number?
False
Suppose -4*x + 980 = -2*h + 56, -3*x - 3*h + 684 = 0. Let q = -163 + x. Is q a composite number?
False
Let n(g) = 8*g**2 + 33*g + 11. Is n(-14) composite?
False
Let g = -9 + 13. Suppose -5*l + 5*u + 711 = u, 0 = -l + g*u + 139. Is l a composite number?
True
Let h(j) = j**3 + 5*j**2 + 2*j - 2. Let r be h(-4). Suppose r*b + 4*k = 2*b + 216, -b + 58 = -3*k. Is b a composite number?
True
Let a(r) = 17*r - 6. Let x be a(8). Let d = x - 84. Is d a prime number?
False
Is 4/((-8)/6) - -24 composite?
True
Suppose 2514 = -5*t + 11*t. Is t prime?
True
Let i(x) = -4*x**2 + 2 + 0*x**2 + 4*x**2 + 2*x**2 + 9*x. Is i(-7) prime?
True
Let l(w) = 4*w**3 - 6*w**2 - 6*w - 3. Is l(5) composite?
False
Let w be 1 + (27/(-3))/(-3). Suppose 2*k - k - 3 = -2*o, 0 = w*k - 5*o - 12. Suppose 52 = 4*j - 3*n - 35, 5*j - 102 = -k*n. Is j prime?
False
Let y be (28/35)/((-2)/(-10)). Let u(o) = -2 + 2 - 26*o + y. Is u(-5) a prime number?
False
Suppose -2*p + 0*p = 0. Let n = 3 + p. Suppose 77 = n*z - 2*z. Is z composite?
True
Suppose f - 790 = -4*f. Is f a prime number?
False
Let z(h) = 8*h**2 - 4*h - 1. Let a be z(-3). Let w = 24 + -11. Suppose 2*c - a + w = 0. Is c composite?
True
Suppose -5*p + 17 + 73 = 2*u, -3*u - 15 = 0. Is (-6)/15 - (-2388)/p a composite number?
True
Let l = 4 - 0. Is ((-290)/8)/(l/(-16)) prime?
False
Suppose 2*c - 732 = -5*a, -2*a = -c + 80 - 371. Is a a prime number?
False
Suppose -5*h = 5*i + 15 + 10, -3*i = -3*h + 3. Let g(u) be the third derivative of -u**6/40 - u**5/60 - u**4/12 + u**3/6 + 15*u**2. Is g(h) prime?
False
Let w(a) = -a**2 + a + 5. Let y be w(0). Suppose 136 - 31 = y*d. Is d prime?
False
Suppose -14*k + 4404 = -2*k. Is k composite?
False
Suppose 2*p + c - 109 = 105, -5*p + 522 = -4*c. Is p a prime number?
False
Let k(g) = g**3 - 3*g**2 + 5*g - 6. Let h be k(7). Suppose d + 4*d = h. Suppose -4*z - 2*b = -106, -d = -2*z + 5*b - 10. Is z prime?
False
Let f be 2416/(-6) + 13/(-39). Let c = f - -662. Is c composite?
True
Let i(l) = -l**3 - 3*l**2 - l + 2. Let z be (-4)/14 - (-12)/(-7). Let o be i(z). Suppose 2*s - 5*u - 321 = 0, o = 3*s - s + u - 327. Is s prime?
True
Let t = 1377 + -736. Is t composite?
False
Let b = 0 - 0. Suppose -t - 3 = b, -5 = 4*d - 2*d + 3*t. Suppose -h - 9 = -d*h. Is h a composite number?
True
Let r(h) = 3*h**2 + 11*h + 7. Let n = 7 - 14. Is r(n) prime?
False
Let m(b) = 5*b**3 + 7*b**2 + 4*b - 5. Let r(w) = -w**3 - w**2 + 1. Let u(n) = -m(n) - 6*r(n). Is u(6) composite?
True
Is 5807 - 18/(-12)*(-16)/6 prime?
False
Let d(t) = 93*t - 1. Let g be d(-3). Let m be (-6)/(-4 - -2) + -9. Is g/m + (-2)/(-6) a composite number?
False
Suppose -b + 2514 = b. Is (b/((-3)/1))/(-1) a composite number?
False
Let c(d) be the first derivative of -21*d**2/2 - d - 1. Let j(t) = -6*t**2 + 2. Let i be j(1). Is c(i) a prime number?
True
Let t = -4 + 6. Suppose 12 = t*k - 4*f, -4*k - 2*f + 1 = -3. Suppose 0 = -5*v + g - 59 + 159, -k*v + 2*g = -48. Is v prime?
True
Suppose -18*p - 87 = -19*p. Is p prime?
False
Let m(s) = 3 - 2 - 3*s**2 + s**3 + 2*s + 14*s**2 + 0*s**3. Is m(-8) a prime number?
False
Let q(m) be the second derivative of -m**3/6 + 211*m**2/2 + 9*m. Let z be 1/(-2) + (-1)/(-2). Is q(z) composite?
False
Let b = -5 + 5. Suppose 149 = k - b*k. Is k composite?
False
Let k(q) = q + 5. Is k(-3) composite?
False
Let c be (-12)/(-2)*4/8. Is 147 - (-1 + (-3)/c) a prime number?
True
Suppose 2*j + 33 = u, 3*u = -0*j + 3*j + 96. Is u a composite number?
False
Suppose 0 = 5*s - 3*c + 9, -2*c = -6. Suppose -4*l - 5*n + 40 = s, 3*l + 5*n = -0*n + 35. Suppose -4*f - 2*w + 117 = f, l*w - 28 = -f. Is f composite?
False
Suppose 2*m - 161 = 221. Is m a prime number?
True
Let i(u) = u**3 - u**2 - 2*u + 1. Let s be i(2). Let o(l) be the second derivative of 35*l**3/6 - 2*l. Is o(s) a prime number?
False
Let a(k) = 21*k**2 - 4*k + 5. Let f(l) = -l**2 + 6*l + 10. Let g be f(8). Let y be a(g). Suppose 0 = -2*u - 3*u + y. Is u prime?
True
Let k = -44 - -17. Let p = 72 - 26. Let h = k + p. Is h prime?
True
Suppose 2*b - 4 = n, 3*b + 1 = 10. Suppose -n*f = -4*f - 4. Is 55 + 1*f + 0 prime?
True
Let b(w) = 111*w + 44. Is b(17) a prime number?
True
Suppose 3*p - 1440 = 4*t - 269, 814 = 2*p + 4*t. Suppose 3*b = 152 + p. Is b prime?
False
Let p be -2 + 0 + 154/1. Let g = p - 96. Suppose g - 180 = -4*q. Is q composite?
False
Let c(o) = 3*o**3 - 12*o**2 + 16*o + 11. Let g(q) = -2*q**3 + 11*q**2 - 15*q - 11. Let n(l) = 3*c(l) + 4*g(l). Is n(-8) a prime number?
False
Let o(t) = 20*t + 3 + 3 - 3*t**2 - 16*t - 3*t**2 - 2*t**3. Is o(-5) a prime number?
False
Let r be (-1 - -1)/(0 - 1). Suppose -5*o + 3*o = m + 5, -3*o = -2*m - 10. Suppose o*b - 2*b + 42 = r. Is b a prime number?
False
Let u(c) = c**3 + 12*c**2 + 10*c + 6. Let t be u(-8). Suppose 5*k = 4*p + 3*k - t, -5*k = 2*p - 61. Is p prime?
True
Let k be -76 - 3/(-12)*0. Let o = 87 - k. Is o a composite number?
False
Let x(q) = -q**3 - 6*q**2 - 11*q + 1. Is x(-7) a prime number?
True
Suppose u + 20 = -3*x + 7*x, 3*x = -u + 8. Let b be -1 + 0 - 1*627. Is b/(-12) - u/6 prime?
True
Suppose -316 = -0*k - 4*k. Is k prime?
True
Suppose 3*a = 4*a + 24. Let f = 5 - a. Suppose 200 = 4*k - 4*p, -k - 4*p + 16 = -f. Is k a composite number?
True
Let g(m) = 66*m + 6. Let d be g(-5). Is 1/2 - d/24 prime?
False
Suppose -121 = -2*g - 3*t + 640, 5*t = -4*g + 1521. Is g a prime number?
True
Suppose 2*x + 12 = 4*d, 15 = x + d + 4*d. Suppose 7*g - 2*g - 475 = x. Is g prime?
False
Let b be (-68)/20 - (-2)/5. Let s(h) be the first derivative of -3*h**4/2 - 4*h**3/3 - 3*h**2/2 - 4*h + 1. Is s(b) a composite number?
False
Suppose 4*s + 116 = 8*s. Let o = s - -8. Is o prime?
True
Suppose 3*o - 108 + 24 = -5*n, -n = 0. Suppose 2*a = 3*d - 379, 110 = d - 3*a - o. Is d composite?
True
Suppose 0 = -y + 1 + 1. Let o be 2*y - 0/1. Suppose -4*z - 5*g = -120, o*g = -3*z - g + 85. Is z a prime number?
False
Let b = 820 + -571. Is b composite?
True
Let a(z) = -z**2 - 8*z + 4. Suppose 3*h + 2*y + 34 = -h, -h = -5*y + 3. Let i be a(h). Suppose 5*n = i*g - 76, -n = -5*g + n + 78. Is g prime?
False
Suppose -20*t + 11026 = -22674. Is t prime?
False
Suppose -3*h = -y + h + 1575, -3*y + 2*h = -4775. Suppose -60 = -5*s + y. Is s a composite number?
False
Let p(x) = 4*x**2 - 5*x + 3. Let b(o) = 4*o - 1. Let s be b(1). Let z be p(s). Suppose 157 + z = 4*w - 5*j, -2*j = 10. Is w composite?
True
Suppose 25 + 97 = x. Suppose t - x = u, 394 = 3*t + 3*u + u. Suppose 4*p - 2*c = 204, -3*p + t = -p + 5*c. Is p prime?
True
Suppose -t - m = -387, -3*m = -4*t + 727 + 849. Is t a prime number?
False
Let p(c) = -c + 6. Let t be p(4). Suppose 2*l = 3*d - 6, 2*d - t*l - 2*l = 4. Suppose 66 = d*r - 5*k, -88 = -6*r + 2*r - k. Is r a composite number?
False
Let d(n) = 2*n**2 - 8*n + 9. Let k be d(6). Suppose -k = x - 238. Is x prime?
False
Let p(h) = h - 3. Let y be p(5). Suppose 0*v + v = y. Is v a prime number?
True
Let v(b) = 4 - 3 - 2 - 26*b - 24*b. Is v(-3) 